{"id":7718,"date":"2025-01-14T09:49:00","date_gmt":"2025-01-14T08:49:00","guid":{"rendered":"https:\/\/dev.einaugenblick.com\/?post_type=product&#038;p=7718"},"modified":"2025-01-14T09:49:37","modified_gmt":"2025-01-14T08:49:37","slug":"gedanken-zum-ausruhen","status":"publish","type":"product","link":"https:\/\/dev.einaugenblick.com\/index.php\/produkt\/gedanken-zum-ausruhen\/","title":{"rendered":"Gedanken zum Ausruhen"},"content":{"rendered":"<p>Buch Format 19&#215;19 cm \/ 40 Seiten<br \/>\ngedruckt auf echtem Fotopapier<\/p>\n<p><strong>Beschreibung:<\/strong><br \/>\nDieses Buch wurde bewusst \u201eschmal\u201c gehalten und trotzdem mit viel Raum f\u00fcr die<br \/>\nBilder und Zitate gestaltet worden. Es eignet sich nat\u00fcrlich auch dazu, um mal kurz darin zu bl\u00e4ttern. Seine wahre Kraft entfaltet es aber erst, wenn man sich bewusst auf das Eintauchen in Wort und Bild einl\u00e4sst. Ich w\u00fcnsche angenehme Entspannung. <\/p>\n","protected":false},"excerpt":{"rendered":"<p>Buch Format 19&#215;19 cm \/ 40 Seiten<br \/>\ngedruckt auf echtem Fotopapier<\/p>\n<p><strong>Beschreibung:<\/strong><br \/>\nDieses Buch wurde bewusst \u201eschmal\u201c gehalten und trotzdem mit viel Raum f\u00fcr die<br \/>\nBilder und Zitate gestaltet worden. Es eignet sich nat\u00fcrlich auch dazu, um mal kurz darin zu bl\u00e4ttern. Seine wahre Kraft entfaltet es aber erst, wenn man sich bewusst auf das Eintauchen in Wort und Bild einl\u00e4sst. Ich w\u00fcnsche angenehme Entspannung.<\/p>\n","protected":false},"featured_media":7809,"comment_status":"closed","ping_status":"closed","template":"","meta":[],"product_brand":[],"product_cat":[58],"product_tag":[],"class_list":{"0":"post-7718","1":"product","2":"type-product","3":"status-publish","4":"has-post-thumbnail","6":"product_cat-buecher","7":"product_shipping_class-briefsendung","9":"first","10":"instock","11":"shipping-taxable","12":"purchasable","13":"product-type-simple"},"_links":{"self":[{"href":"https:\/\/dev.einaugenblick.com\/index.php\/wp-json\/wp\/v2\/product\/7718","targetHints":{"allow":["GET"]}}],"collection":[{"href":"https:\/\/dev.einaugenblick.com\/index.php\/wp-json\/wp\/v2\/product"}],"about":[{"href":"https:\/\/dev.einaugenblick.com\/index.php\/wp-json\/wp\/v2\/types\/product"}],"replies":[{"embeddable":true,"href":"https:\/\/dev.einaugenblick.com\/index.php\/wp-json\/wp\/v2\/comments?post=7718"}],"version-history":[{"count":1,"href":"https:\/\/dev.einaugenblick.com\/index.php\/wp-json\/wp\/v2\/product\/7718\/revisions"}],"predecessor-version":[{"id":7810,"href":"https:\/\/dev.einaugenblick.com\/index.php\/wp-json\/wp\/v2\/product\/7718\/revisions\/7810"}],"wp:featuredmedia":[{"embeddable":true,"href":"https:\/\/dev.einaugenblick.com\/index.php\/wp-json\/wp\/v2\/media\/7809"}],"wp:attachment":[{"href":"https:\/\/dev.einaugenblick.com\/index.php\/wp-json\/wp\/v2\/media?parent=7718"}],"wp:term":[{"taxonomy":"product_brand","embeddable":true,"href":"https:\/\/dev.einaugenblick.com\/index.php\/wp-json\/wp\/v2\/product_brand?post=7718"},{"taxonomy":"product_cat","embeddable":true,"href":"https:\/\/dev.einaugenblick.com\/index.php\/wp-json\/wp\/v2\/product_cat?post=7718"},{"taxonomy":"product_tag","embeddable":true,"href":"https:\/\/dev.einaugenblick.com\/index.php\/wp-json\/wp\/v2\/product_tag?post=7718"}],"curies":[{"name":"wp","href":"https:\/\/api.w.org\/{rel}","templated":true}]}}