{"id":7720,"date":"2025-01-14T09:49:00","date_gmt":"2025-01-14T08:49:00","guid":{"rendered":"https:\/\/dev.einaugenblick.com\/?post_type=product&#038;p=7720"},"modified":"2025-01-14T09:50:59","modified_gmt":"2025-01-14T08:50:59","slug":"juli-2020","status":"publish","type":"product","link":"https:\/\/dev.einaugenblick.com\/index.php\/produkt\/juli-2020\/","title":{"rendered":"Juli 2020"},"content":{"rendered":"<p>Dieses idyllische Fleckchen Erde liegt in dem kleinen und wundersch\u00f6nen \u00d6rtchen Kardamili in Griechenland, auf dem mittleren &#8222;Finger&#8220; der Peleponnes. Ich habe f\u00fcr den Monat Juli dieses Motiv ausgew\u00e4hlt, weil wir normalerweise jetzt hier im Urlaub w\u00e4ren und bei leckerem griechischen Essen und einem sch\u00f6nen Glas Wein, den Wellen beim Spiel um die Felsen zuh\u00f6ren w\u00fcrden.<\/p>\n<p>Und da ja nicht nur f\u00fcr uns, sondern vielleicht auch f\u00fcr Sie der Urlaub dieses Jahr ausfallen, oder zumindest ganz anders als geplant ablaufen wird, m\u00f6chte ich gerne helfen, damit vielleicht ein kleines bisschen Urlaubsfeeling zu Ihnen nach Hause zu bringen.<\/p>\n","protected":false},"excerpt":{"rendered":"<p>Dieses idyllische Fleckchen Erde liegt in dem kleinen und wundersch\u00f6nen \u00d6rtchen Kardamili in Griechenland, auf dem mittleren &#8222;Finger&#8220; der Peleponnes.<\/p>\n","protected":false},"featured_media":7823,"comment_status":"closed","ping_status":"closed","template":"","meta":[],"product_brand":[],"product_cat":[63],"product_tag":[],"class_list":{"0":"post-7720","1":"product","2":"type-product","3":"status-publish","4":"has-post-thumbnail","6":"product_cat-motiv-des-monats","8":"first","9":"instock","10":"shipping-taxable","11":"purchasable","12":"product-type-variable"},"_links":{"self":[{"href":"https:\/\/dev.einaugenblick.com\/index.php\/wp-json\/wp\/v2\/product\/7720","targetHints":{"allow":["GET"]}}],"collection":[{"href":"https:\/\/dev.einaugenblick.com\/index.php\/wp-json\/wp\/v2\/product"}],"about":[{"href":"https:\/\/dev.einaugenblick.com\/index.php\/wp-json\/wp\/v2\/types\/product"}],"replies":[{"embeddable":true,"href":"https:\/\/dev.einaugenblick.com\/index.php\/wp-json\/wp\/v2\/comments?post=7720"}],"version-history":[{"count":1,"href":"https:\/\/dev.einaugenblick.com\/index.php\/wp-json\/wp\/v2\/product\/7720\/revisions"}],"predecessor-version":[{"id":7824,"href":"https:\/\/dev.einaugenblick.com\/index.php\/wp-json\/wp\/v2\/product\/7720\/revisions\/7824"}],"wp:featuredmedia":[{"embeddable":true,"href":"https:\/\/dev.einaugenblick.com\/index.php\/wp-json\/wp\/v2\/media\/7823"}],"wp:attachment":[{"href":"https:\/\/dev.einaugenblick.com\/index.php\/wp-json\/wp\/v2\/media?parent=7720"}],"wp:term":[{"taxonomy":"product_brand","embeddable":true,"href":"https:\/\/dev.einaugenblick.com\/index.php\/wp-json\/wp\/v2\/product_brand?post=7720"},{"taxonomy":"product_cat","embeddable":true,"href":"https:\/\/dev.einaugenblick.com\/index.php\/wp-json\/wp\/v2\/product_cat?post=7720"},{"taxonomy":"product_tag","embeddable":true,"href":"https:\/\/dev.einaugenblick.com\/index.php\/wp-json\/wp\/v2\/product_tag?post=7720"}],"curies":[{"name":"wp","href":"https:\/\/api.w.org\/{rel}","templated":true}]}}