{"id":7723,"date":"2025-01-14T09:49:00","date_gmt":"2025-01-14T08:49:00","guid":{"rendered":"https:\/\/dev.einaugenblick.com\/?post_type=product&#038;p=7723"},"modified":"2025-01-14T09:50:58","modified_gmt":"2025-01-14T08:50:58","slug":"oktober-2020","status":"publish","type":"product","link":"https:\/\/dev.einaugenblick.com\/index.php\/produkt\/oktober-2020\/","title":{"rendered":"Oktober 2020"},"content":{"rendered":"<p><strong>Was k\u00f6nnte uns die nat\u00fcrliche Balance des Herbstes besser widerspiegeln, als die traumhafte F\u00e4rbung der Bl\u00e4tter?<\/strong><br \/>\nAuf der einen Seite beschenkt die Natur uns noch einmal mit ihren allersch\u00f6nsten Farben in unglaublicher Vielfalt. Die F\u00e4rbung der Bl\u00e4tter kommt aber nur deswegen zustande, weil sie bereits anf\u00e4ngt gut mit ihren Kr\u00e4ften zu haushalten. Durch den R\u00fcckzug der N\u00e4hrstoffversorgung weg von den Bl\u00e4ttern, rein in die Wurzeln b\u00fcndeln und sichern sich die Pflanzen wie Kr\u00e4uter, Blumen, Str\u00e4ucher und B\u00e4ume die Energieversorgung und somit ihr \u00dcberleben im Winter. Um uns dann im Fr\u00fchjahr, mit Beginn des neuen Kreislaufs wieder in voller Kraft zu lehren, zu n\u00e4hren und zu erfreuen.<\/p>\n","protected":false},"excerpt":{"rendered":"<p>Was k\u00f6nnte uns die nat\u00fcrliche Balance des Herbstes besser widerspiegeln, als die traumhafte F\u00e4rbung der Bl\u00e4tter?<\/p>\n","protected":false},"featured_media":7829,"comment_status":"closed","ping_status":"closed","template":"","meta":[],"product_brand":[],"product_cat":[63],"product_tag":[],"class_list":{"0":"post-7723","1":"product","2":"type-product","3":"status-publish","4":"has-post-thumbnail","6":"product_cat-motiv-des-monats","8":"first","9":"instock","10":"shipping-taxable","11":"purchasable","12":"product-type-variable"},"_links":{"self":[{"href":"https:\/\/dev.einaugenblick.com\/index.php\/wp-json\/wp\/v2\/product\/7723","targetHints":{"allow":["GET"]}}],"collection":[{"href":"https:\/\/dev.einaugenblick.com\/index.php\/wp-json\/wp\/v2\/product"}],"about":[{"href":"https:\/\/dev.einaugenblick.com\/index.php\/wp-json\/wp\/v2\/types\/product"}],"replies":[{"embeddable":true,"href":"https:\/\/dev.einaugenblick.com\/index.php\/wp-json\/wp\/v2\/comments?post=7723"}],"version-history":[{"count":1,"href":"https:\/\/dev.einaugenblick.com\/index.php\/wp-json\/wp\/v2\/product\/7723\/revisions"}],"predecessor-version":[{"id":7830,"href":"https:\/\/dev.einaugenblick.com\/index.php\/wp-json\/wp\/v2\/product\/7723\/revisions\/7830"}],"wp:featuredmedia":[{"embeddable":true,"href":"https:\/\/dev.einaugenblick.com\/index.php\/wp-json\/wp\/v2\/media\/7829"}],"wp:attachment":[{"href":"https:\/\/dev.einaugenblick.com\/index.php\/wp-json\/wp\/v2\/media?parent=7723"}],"wp:term":[{"taxonomy":"product_brand","embeddable":true,"href":"https:\/\/dev.einaugenblick.com\/index.php\/wp-json\/wp\/v2\/product_brand?post=7723"},{"taxonomy":"product_cat","embeddable":true,"href":"https:\/\/dev.einaugenblick.com\/index.php\/wp-json\/wp\/v2\/product_cat?post=7723"},{"taxonomy":"product_tag","embeddable":true,"href":"https:\/\/dev.einaugenblick.com\/index.php\/wp-json\/wp\/v2\/product_tag?post=7723"}],"curies":[{"name":"wp","href":"https:\/\/api.w.org\/{rel}","templated":true}]}}