{"id":7791,"date":"2025-01-14T09:49:25","date_gmt":"2025-01-14T08:49:25","guid":{"rendered":"https:\/\/dev.einaugenblick.com\/?post_type=product&#038;p=7791"},"modified":"2025-01-14T09:50:44","modified_gmt":"2025-01-14T08:50:44","slug":"april-2022","status":"publish","type":"product","link":"https:\/\/dev.einaugenblick.com\/index.php\/produkt\/april-2022\/","title":{"rendered":"April 2022"},"content":{"rendered":"<p><strong>Fr\u00fchlingserwachen \u2013 Die Farben kehren zur\u00fcck<\/strong><\/p>\n<p>Nachdem der lange Winter sich endlich zur\u00fcckgezogen hat, zeigt sich uns die Erde in einem tristen Braun. Die vertrockneten Reste der Pflanzen und Bl\u00e4tter vom letzten Herbst bedecken noch wie ein Teppich den Boden. Darunter aber haben sich an vielen Stellen bereits kleine Wunder ereignet. Wenn Du genau hinh\u00f6rst, dann kannst Du ein aufgeregtes Tuscheln vernehmen. Und sobald die ersten l\u00e4ngeren Sonnenstrahlen ihr Licht und ihre W\u00e4rme verteilen, sind sie nicht mehr aufzuhalten.<\/p>\n<p>Die ersten Fr\u00fchbl\u00fcher stecken ihre K\u00f6pfchen aus dem Boden, richten sie der Sonne entgegen und es scheint, als w\u00fcrden sie zur\u00fcck in die Erde melden: &#8222;Ja kommt! Es ist alles okay! Ihr k\u00f6nnt Euch zeigen!&#8220;. Und innerhalb nur weniger Tage wird aus tristem Braun ein wundersch\u00f6ner, bunter Bl\u00fctenteppich.<\/p>\n<p>Wenn Du jetzt nach drau\u00dfen gehst, Dich mit der Natur verbindest und Dich von der Sch\u00f6nheit ihres Farbenspiels \u201eanstecken\u201c l\u00e4sst, weckst damit auch Deine eigenen Lebensgeister wieder aus dem Winterschlaf auf.<\/p>\n<p>Herzlich willkommen zur\u00fcck, lieber Fr\u00fchling! \ud83d\ude0e \ud83c\udf38<\/p>\n","protected":false},"excerpt":{"rendered":"<p><strong>Fr\u00fchlingserwachen \u2013 Die Farben kehren zur\u00fcck<\/strong><\/p>\n<p>Nachdem der lange Winter sich endlich zur\u00fcckgezogen hat, zeigt sich uns die Erde in einem tristen Braun. Die vertrockneten Reste der Pflanzen und Bl\u00e4tter vom letzten Herbst bedecken noch wie ein Teppich den Boden. Darunter aber haben sich an vielen Stellen bereits kleine Wunder ereignet. Wenn Du genau hinh\u00f6rst, dann kannst Du ein aufgeregtes Tuscheln vernehmen. Und sobald die ersten l\u00e4ngeren Sonnenstrahlen ihr Licht und ihre W\u00e4rme verteilen, sind sie nicht mehr aufzuhalten.<\/p>\n","protected":false},"featured_media":7869,"comment_status":"closed","ping_status":"closed","template":"","meta":[],"product_brand":[],"product_cat":[63],"product_tag":[],"class_list":{"0":"post-7791","1":"product","2":"type-product","3":"status-publish","4":"has-post-thumbnail","6":"product_cat-motiv-des-monats","8":"first","9":"instock","10":"shipping-taxable","11":"purchasable","12":"product-type-variable"},"_links":{"self":[{"href":"https:\/\/dev.einaugenblick.com\/index.php\/wp-json\/wp\/v2\/product\/7791","targetHints":{"allow":["GET"]}}],"collection":[{"href":"https:\/\/dev.einaugenblick.com\/index.php\/wp-json\/wp\/v2\/product"}],"about":[{"href":"https:\/\/dev.einaugenblick.com\/index.php\/wp-json\/wp\/v2\/types\/product"}],"replies":[{"embeddable":true,"href":"https:\/\/dev.einaugenblick.com\/index.php\/wp-json\/wp\/v2\/comments?post=7791"}],"version-history":[{"count":1,"href":"https:\/\/dev.einaugenblick.com\/index.php\/wp-json\/wp\/v2\/product\/7791\/revisions"}],"predecessor-version":[{"id":7870,"href":"https:\/\/dev.einaugenblick.com\/index.php\/wp-json\/wp\/v2\/product\/7791\/revisions\/7870"}],"wp:featuredmedia":[{"embeddable":true,"href":"https:\/\/dev.einaugenblick.com\/index.php\/wp-json\/wp\/v2\/media\/7869"}],"wp:attachment":[{"href":"https:\/\/dev.einaugenblick.com\/index.php\/wp-json\/wp\/v2\/media?parent=7791"}],"wp:term":[{"taxonomy":"product_brand","embeddable":true,"href":"https:\/\/dev.einaugenblick.com\/index.php\/wp-json\/wp\/v2\/product_brand?post=7791"},{"taxonomy":"product_cat","embeddable":true,"href":"https:\/\/dev.einaugenblick.com\/index.php\/wp-json\/wp\/v2\/product_cat?post=7791"},{"taxonomy":"product_tag","embeddable":true,"href":"https:\/\/dev.einaugenblick.com\/index.php\/wp-json\/wp\/v2\/product_tag?post=7791"}],"curies":[{"name":"wp","href":"https:\/\/api.w.org\/{rel}","templated":true}]}}