{"id":7837,"date":"2025-01-14T09:49:47","date_gmt":"2025-01-14T08:49:47","guid":{"rendered":"https:\/\/dev.einaugenblick.com\/?post_type=product&#038;p=7837"},"modified":"2025-01-14T09:50:29","modified_gmt":"2025-01-14T08:50:29","slug":"november-2022","status":"publish","type":"product","link":"https:\/\/dev.einaugenblick.com\/index.php\/produkt\/november-2022\/","title":{"rendered":"November 2022"},"content":{"rendered":"<p><strong>Die t\u00e4glichen Sonnenstunden beginnen nun sichtbar jeden Tag weniger zu werden, umso wertvoller erscheinen sie uns&#8230;<\/strong><\/p>\n<p>&#8230;dabei ist die Sonne IMMER da, auch wenn wir sie manchmal nicht sehen k\u00f6nnen. Denn irgendwo auf der Welt scheint sie immer. \u2600\ufe0f<\/p>\n<p>Nat\u00fcrlich f\u00e4llt es uns sehr viel leichter, uns mit ihr zu verbinden, wenn sie direkt \u00fcber uns ist und wir uns unmittelbar von ihr w\u00e4rmen lassen k\u00f6nnen. Wenn wir uns aber bewusst werden, dass sie IMMER da ist, haben wir zu jedem Moment die M\u00f6glichkeit, ihre Energie zu uns einzuladen und uns von ihr n\u00e4hren zu lassen. Selbst wenn sie mal ein paar Tage nicht zu sehen ist.<\/p>\n<p>&#8222;Hab Sonne im Herzen, ob\u2019s st\u00fcrmt oder schneit,<br \/>\nob der Himmel voll Wolken und die Erde voll Streit &#8230;<br \/>\nhab Sonne im Herzen, dann komme was mag:<br \/>\ndas leuchtet voll Licht Dir den dunkelsten Tag!&#8220;<\/p>\n<p>&#8230;mit diesen Zeilen beginnt das gleichnamige Gedicht von dem deutschen Lyriker (1864 \u2013 1920) C\u00e4sar Flaischlen. Und darin steckt so viel Wahrheit und Weisheit.<\/p>\n<p>Den Kreislauf der Sonne k\u00f6nnen wir nicht \u00e4ndern, sie zieht ihre Kreise unbeirrt und stetig im Gleichklang mit den anderen Planeten und Elementen. Auf was wir aber immer UNMITTELBAR Einfluss haben ist die Anzahl der Sonnenstunden in unseren Herzen. Denn die sind nicht, wie wir oft irrt\u00fcmlich glauben, von \u00e4u\u00dferen Einfl\u00fcssen abh\u00e4ngig. Sondern einzig von UNSERER Sicht und der Einstellung zu uns selbst und dem Geschenk des Lebens.<\/p>\n","protected":false},"excerpt":{"rendered":"<p><strong>Die t\u00e4glichen Sonnenstunden beginnen nun sichtbar jeden Tag weniger zu werden, umso wertvoller erscheinen sie uns&#8230;<\/strong><\/p>\n","protected":false},"featured_media":7907,"comment_status":"closed","ping_status":"closed","template":"","meta":[],"product_brand":[],"product_cat":[63],"product_tag":[],"class_list":{"0":"post-7837","1":"product","2":"type-product","3":"status-publish","4":"has-post-thumbnail","6":"product_cat-motiv-des-monats","8":"first","9":"instock","10":"shipping-taxable","11":"purchasable","12":"product-type-variable"},"_links":{"self":[{"href":"https:\/\/dev.einaugenblick.com\/index.php\/wp-json\/wp\/v2\/product\/7837","targetHints":{"allow":["GET"]}}],"collection":[{"href":"https:\/\/dev.einaugenblick.com\/index.php\/wp-json\/wp\/v2\/product"}],"about":[{"href":"https:\/\/dev.einaugenblick.com\/index.php\/wp-json\/wp\/v2\/types\/product"}],"replies":[{"embeddable":true,"href":"https:\/\/dev.einaugenblick.com\/index.php\/wp-json\/wp\/v2\/comments?post=7837"}],"version-history":[{"count":1,"href":"https:\/\/dev.einaugenblick.com\/index.php\/wp-json\/wp\/v2\/product\/7837\/revisions"}],"predecessor-version":[{"id":7908,"href":"https:\/\/dev.einaugenblick.com\/index.php\/wp-json\/wp\/v2\/product\/7837\/revisions\/7908"}],"wp:featuredmedia":[{"embeddable":true,"href":"https:\/\/dev.einaugenblick.com\/index.php\/wp-json\/wp\/v2\/media\/7907"}],"wp:attachment":[{"href":"https:\/\/dev.einaugenblick.com\/index.php\/wp-json\/wp\/v2\/media?parent=7837"}],"wp:term":[{"taxonomy":"product_brand","embeddable":true,"href":"https:\/\/dev.einaugenblick.com\/index.php\/wp-json\/wp\/v2\/product_brand?post=7837"},{"taxonomy":"product_cat","embeddable":true,"href":"https:\/\/dev.einaugenblick.com\/index.php\/wp-json\/wp\/v2\/product_cat?post=7837"},{"taxonomy":"product_tag","embeddable":true,"href":"https:\/\/dev.einaugenblick.com\/index.php\/wp-json\/wp\/v2\/product_tag?post=7837"}],"curies":[{"name":"wp","href":"https:\/\/api.w.org\/{rel}","templated":true}]}}