{"id":7843,"date":"2025-01-14T09:49:49","date_gmt":"2025-01-14T08:49:49","guid":{"rendered":"https:\/\/dev.einaugenblick.com\/?post_type=product&#038;p=7843"},"modified":"2025-01-14T09:50:29","modified_gmt":"2025-01-14T08:50:29","slug":"april-2023","status":"publish","type":"product","link":"https:\/\/dev.einaugenblick.com\/index.php\/produkt\/april-2023\/","title":{"rendered":"April 2023"},"content":{"rendered":"<p><strong>Das Gold in Dir will Raum einnehmen!<\/strong><br \/>\nEs m\u00f6chte, dass Du die Natur um Dich herum als Vorbild nimmst und aufbl\u00fchst, Dich zeigst, in all Deinen Facetten. Es m\u00f6chte, dass Du Deine versteckten Potentiale wiederentdeckst, sie entfaltest und lebst. Dich nicht l\u00e4nger versteckst hinter all den st\u00e4ndig wechselnden Konventionen und \u201eAnst\u00e4ndigkeiten\u201c, all den Etiketten und Masken, den \u201eTo do\u2019s\u201c und \u201eMust have\u2019s\u201c, all dem \u201eGeh\u00f6rt sich\u201c (oder eben auch nicht\u2026). Dein Gold m\u00f6chte, dass Du Dich der Welt zumutest. Ohne Angst vor\u2026 Dass Du leuchtest und Dein Licht \u00fcberall dort gro\u00dfz\u00fcgig verteilst, wo Du hinkommst.<\/p>\n<p>Kannst Du das ewig neugierige Kind in Dir noch sp\u00fcren? Das dieses Leben als ein einziges gro\u00dfes Abenteuer sieht und einfach nur spielen m\u00f6chte? Auch wenn sich in der Welt alle M\u00fche gegeben wird, es klein und vor allem still zu halten, so ist es doch noch da. In jedem von uns. Und es ist immer noch genauso neugierig und spielfreudig wie eh und je. Es wartet nur darauf, dass Du es abholst, weil Du Dich wieder daran erinnerst, dass es tief in Dir schon ganz lange auf Deine R\u00fcckkehr wartet.<\/p>\n<p>\u00d6ffne die goldene T\u00fcr in Deinem Herzen und lass es raus. Nimm es an die Hand und dann lauf los, raus in eine Welt, die nur darauf wartet, dass Du ihr Deinen goldenen Stempel aufdr\u00fcckst. Denn den hat sie bitter n\u00f6tig. Schau dich um: die Natur macht es Dir vor. Sie scheint sich derzeit von einem Augenblick zum n\u00e4chsten unaufh\u00f6rlich zu ver\u00e4ndern, auszudehnen, aufzubl\u00fchen und zu strahlen. Und es kostet sie dabei keinerlei M\u00fche, uns mit all ihrer Pracht zu erfreuen. Denn keine Bl\u00fcte, kein Baum, keine Blume, kein Strauch und kein Kraut hat jemals dar\u00fcber nachgedacht, wie das wohl bei den anderen ankommt. Sie sind alle einfach immer nur sie selbst, tun das, wof\u00fcr sie einst herkamen und sind dabei \u2013 wie selbstverst\u00e4ndlich \u2013 wundersch\u00f6n.<\/p>\n<p>Ganz genauso wie Du. \ud83d\ude0a<\/p>\n","protected":false},"excerpt":{"rendered":"<p><strong>Das Gold in Dir will Raum einnehmen!<\/strong><br \/>\nEs m\u00f6chte, dass Du die Natur um Dich herum als Vorbild nimmst und aufbl\u00fchst, Dich zeigst, in all Deinen Facetten. Es m\u00f6chte, dass Du Deine versteckten Potentiale wiederentdeckst, sie entfaltest und lebst. Dich nicht l\u00e4nger versteckst hinter all den st\u00e4ndig wechselnden Konventionen und \u201eAnst\u00e4ndigkeiten\u201c, all den Etiketten und Masken, den \u201eTo do\u2019s\u201c und \u201eMust have\u2019s\u201c, all dem \u201eGeh\u00f6rt sich\u201c (oder eben auch nicht\u2026). Dein Gold m\u00f6chte, dass Du Dich der Welt zumutest. Ohne Angst vor\u2026 Dass Du leuchtest und Dein Licht \u00fcberall dort gro\u00dfz\u00fcgig verteilst, wo Du hinkommst.<\/p>\n","protected":false},"featured_media":7927,"comment_status":"closed","ping_status":"closed","template":"","meta":[],"product_brand":[],"product_cat":[63],"product_tag":[],"class_list":{"0":"post-7843","1":"product","2":"type-product","3":"status-publish","4":"has-post-thumbnail","6":"product_cat-motiv-des-monats","8":"first","9":"instock","10":"shipping-taxable","11":"purchasable","12":"product-type-variable"},"_links":{"self":[{"href":"https:\/\/dev.einaugenblick.com\/index.php\/wp-json\/wp\/v2\/product\/7843","targetHints":{"allow":["GET"]}}],"collection":[{"href":"https:\/\/dev.einaugenblick.com\/index.php\/wp-json\/wp\/v2\/product"}],"about":[{"href":"https:\/\/dev.einaugenblick.com\/index.php\/wp-json\/wp\/v2\/types\/product"}],"replies":[{"embeddable":true,"href":"https:\/\/dev.einaugenblick.com\/index.php\/wp-json\/wp\/v2\/comments?post=7843"}],"version-history":[{"count":1,"href":"https:\/\/dev.einaugenblick.com\/index.php\/wp-json\/wp\/v2\/product\/7843\/revisions"}],"predecessor-version":[{"id":7928,"href":"https:\/\/dev.einaugenblick.com\/index.php\/wp-json\/wp\/v2\/product\/7843\/revisions\/7928"}],"wp:featuredmedia":[{"embeddable":true,"href":"https:\/\/dev.einaugenblick.com\/index.php\/wp-json\/wp\/v2\/media\/7927"}],"wp:attachment":[{"href":"https:\/\/dev.einaugenblick.com\/index.php\/wp-json\/wp\/v2\/media?parent=7843"}],"wp:term":[{"taxonomy":"product_brand","embeddable":true,"href":"https:\/\/dev.einaugenblick.com\/index.php\/wp-json\/wp\/v2\/product_brand?post=7843"},{"taxonomy":"product_cat","embeddable":true,"href":"https:\/\/dev.einaugenblick.com\/index.php\/wp-json\/wp\/v2\/product_cat?post=7843"},{"taxonomy":"product_tag","embeddable":true,"href":"https:\/\/dev.einaugenblick.com\/index.php\/wp-json\/wp\/v2\/product_tag?post=7843"}],"curies":[{"name":"wp","href":"https:\/\/api.w.org\/{rel}","templated":true}]}}