{"id":8005,"date":"2025-01-14T09:51:01","date_gmt":"2025-01-14T08:51:01","guid":{"rendered":"https:\/\/dev.einaugenblick.com\/?post_type=product&#038;p=8005"},"modified":"2025-01-14T09:51:09","modified_gmt":"2025-01-14T08:51:09","slug":"oktober-2023","status":"publish","type":"product","link":"https:\/\/dev.einaugenblick.com\/index.php\/produkt\/oktober-2023\/","title":{"rendered":"Oktober 2023"},"content":{"rendered":"<p><strong>Goldene Essenz des Herbstes \u2013 Entfaltung aus Deiner Mitte<\/strong><\/p>\n<p>Feiere sie nun, die Zeit der K\u00f6nigin des Herbstes und erinnere Dich! Wenn die feurige Kraft der Sommersonne sich mehr und mehr zur\u00fcck zieht, um dem goldenen Licht des Herbstes Platz zu machen, wenn nach und nach die meisten Bl\u00fcten sich in sich selbst und die Erde zur\u00fcck ziehen, um sich auf die langsam einsetzende Ruhezeit des bald nahenden Winters vorzubereiten, dann zeigt sie sich noch einmal in ihrer vollen Sch\u00f6nheit, Vielfalt und F\u00fclle. Die Dahlie!<\/p>\n<p>Sie ist unsere Erinnerung daran, dass auch wir unsere wahre Kraft und Sch\u00f6nheit nicht aus den \u00e4u\u00dferen Umst\u00e4nden beziehen, sondern sie immer dann am intensivsten sp\u00fcren k\u00f6nnen, wenn wir uns erlauben, uns selbst \u2013 genauso vielf\u00e4ltig wie wir sind \u2013 aus unserer sonnigen Mitte heraus zu entfalten.<\/p>\n<p>Wie auch bei der Dahlie dauert es oft lange, bis wir unseren ganzen Kern, unsere Essenz und die Quelle unserer Kraft nach au\u00dfen zeigen und freigeben. Nach und nach darf immer noch eine weitere Schicht unserer bis dahin sorgf\u00e4ltig versteckten Wunden heilen, um die Geschenke unserer einzigartigen Potentiale freizugeben.<\/p>\n<p>Danke liebe Dahlie, dass Du uns jedes Jahr aufs Neue in so vielf\u00e4ltiger Art und Weise daran erinnerst, wie sehr sich dieser Weg zur\u00fcck in das WiederErkennen unserer eigenen Sch\u00f6nheit und Kraft lohnt. \ud83d\ude0a<\/p>\n<p>&nbsp;<\/p>\n","protected":false},"excerpt":{"rendered":"<p><strong>Wandlungszeit<\/strong><\/p>\n<p>Die Hitze des Sommers l\u00e4sst sich immer noch erahnen und doch klopft auch schon leise und vorsichtig der Herbst an die T\u00fcr. Und auch wenn beides nicht wirklich laut daherkommt, so ist es doch f\u00fcr jeden sp\u00fcrbar: ein Wandel steht an\u2026 \ud83c\udf43 \ud83c\udf41<\/p>\n","protected":false},"featured_media":8022,"comment_status":"closed","ping_status":"closed","template":"","meta":[],"product_brand":[],"product_cat":[63],"product_tag":[],"class_list":{"0":"post-8005","1":"product","2":"type-product","3":"status-publish","4":"has-post-thumbnail","6":"product_cat-motiv-des-monats","8":"first","9":"outofstock","10":"shipping-taxable","11":"product-type-variable"},"_links":{"self":[{"href":"https:\/\/dev.einaugenblick.com\/index.php\/wp-json\/wp\/v2\/product\/8005","targetHints":{"allow":["GET"]}}],"collection":[{"href":"https:\/\/dev.einaugenblick.com\/index.php\/wp-json\/wp\/v2\/product"}],"about":[{"href":"https:\/\/dev.einaugenblick.com\/index.php\/wp-json\/wp\/v2\/types\/product"}],"replies":[{"embeddable":true,"href":"https:\/\/dev.einaugenblick.com\/index.php\/wp-json\/wp\/v2\/comments?post=8005"}],"version-history":[{"count":1,"href":"https:\/\/dev.einaugenblick.com\/index.php\/wp-json\/wp\/v2\/product\/8005\/revisions"}],"predecessor-version":[{"id":8023,"href":"https:\/\/dev.einaugenblick.com\/index.php\/wp-json\/wp\/v2\/product\/8005\/revisions\/8023"}],"wp:featuredmedia":[{"embeddable":true,"href":"https:\/\/dev.einaugenblick.com\/index.php\/wp-json\/wp\/v2\/media\/8022"}],"wp:attachment":[{"href":"https:\/\/dev.einaugenblick.com\/index.php\/wp-json\/wp\/v2\/media?parent=8005"}],"wp:term":[{"taxonomy":"product_brand","embeddable":true,"href":"https:\/\/dev.einaugenblick.com\/index.php\/wp-json\/wp\/v2\/product_brand?post=8005"},{"taxonomy":"product_cat","embeddable":true,"href":"https:\/\/dev.einaugenblick.com\/index.php\/wp-json\/wp\/v2\/product_cat?post=8005"},{"taxonomy":"product_tag","embeddable":true,"href":"https:\/\/dev.einaugenblick.com\/index.php\/wp-json\/wp\/v2\/product_tag?post=8005"}],"curies":[{"name":"wp","href":"https:\/\/api.w.org\/{rel}","templated":true}]}}