{"id":8006,"date":"2025-01-14T09:51:01","date_gmt":"2025-01-14T08:51:01","guid":{"rendered":"https:\/\/dev.einaugenblick.com\/?post_type=product&#038;p=8006"},"modified":"2025-01-14T09:51:10","modified_gmt":"2025-01-14T08:51:10","slug":"november-2023","status":"publish","type":"product","link":"https:\/\/dev.einaugenblick.com\/index.php\/produkt\/november-2023\/","title":{"rendered":"November 2023"},"content":{"rendered":"<p><strong>\u201eUmwege\u201c sch\u00e4tzen lernen<\/strong><\/p>\n<p>Das Leben verl\u00e4uft meist nicht gerade, wie auf einer Autobahn. Es bietet uns oft \u201eUmwege\u201c an, auf denen wir dann lernen d\u00fcrfen, uns im Vertrauen hinzugeben. Nicht nach Abk\u00fcrzungen zu suchen, aus der Idee heraus, dass alles immer \u201eperfekt, effektiv und schnell\u201c gehen muss.<\/p>\n<p>Wir d\u00fcrfen lernen zu verstehen, dass wir auf einer Abk\u00fcrzung die KOMPLETTE Sch\u00f6nheit, die uns das Leben anbietet, \u00fcberhaupt nicht erkennen k\u00f6nnen, weil wir auf einem \u201eschnurgeraden\u201c Weg direkt daran vorbeirauschen w\u00fcrden.<\/p>\n<p>Erst dann, wenn wir die vermeintlichen \u201eUmwege\u201c lieben und sch\u00e4tzen lernen, neugierig auf ihre \u00dcberraschungen und Botschaften bleiben, werden wir erkennen, dass erst sie all die individuelle Sch\u00f6nheit und St\u00e4rke in uns zutage f\u00f6rdern, die wir sonst \u00fcberhaupt nicht h\u00e4tten entfalten k\u00f6nnen.<\/p>\n<p>Lernst Du die \u201eUmwege\u201c sch\u00e4tzen, lernst Du das Leben WAHRHAFTIG ZU LEBEN! \ud83d\ude0a<\/p>\n","protected":false},"excerpt":{"rendered":"<p><strong>\u201eUmwege\u201c sch\u00e4tzen lernen<\/strong><\/p>\n<p>Das Leben verl\u00e4uft meist nicht gerade, wie auf einer Autobahn. Es bietet uns oft \u201eUmwege\u201c an, auf denen wir dann lernen d\u00fcrfen, uns im Vertrauen hinzugeben. Nicht nach Abk\u00fcrzungen zu suchen, aus der Idee heraus, dass alles immer \u201eperfekt, effektiv und schnell\u201c gehen muss.<\/p>\n","protected":false},"featured_media":8024,"comment_status":"closed","ping_status":"closed","template":"","meta":[],"product_brand":[],"product_cat":[63],"product_tag":[],"class_list":{"0":"post-8006","1":"product","2":"type-product","3":"status-publish","4":"has-post-thumbnail","6":"product_cat-motiv-des-monats","8":"first","9":"outofstock","10":"shipping-taxable","11":"product-type-variable"},"_links":{"self":[{"href":"https:\/\/dev.einaugenblick.com\/index.php\/wp-json\/wp\/v2\/product\/8006","targetHints":{"allow":["GET"]}}],"collection":[{"href":"https:\/\/dev.einaugenblick.com\/index.php\/wp-json\/wp\/v2\/product"}],"about":[{"href":"https:\/\/dev.einaugenblick.com\/index.php\/wp-json\/wp\/v2\/types\/product"}],"replies":[{"embeddable":true,"href":"https:\/\/dev.einaugenblick.com\/index.php\/wp-json\/wp\/v2\/comments?post=8006"}],"version-history":[{"count":1,"href":"https:\/\/dev.einaugenblick.com\/index.php\/wp-json\/wp\/v2\/product\/8006\/revisions"}],"predecessor-version":[{"id":8025,"href":"https:\/\/dev.einaugenblick.com\/index.php\/wp-json\/wp\/v2\/product\/8006\/revisions\/8025"}],"wp:featuredmedia":[{"embeddable":true,"href":"https:\/\/dev.einaugenblick.com\/index.php\/wp-json\/wp\/v2\/media\/8024"}],"wp:attachment":[{"href":"https:\/\/dev.einaugenblick.com\/index.php\/wp-json\/wp\/v2\/media?parent=8006"}],"wp:term":[{"taxonomy":"product_brand","embeddable":true,"href":"https:\/\/dev.einaugenblick.com\/index.php\/wp-json\/wp\/v2\/product_brand?post=8006"},{"taxonomy":"product_cat","embeddable":true,"href":"https:\/\/dev.einaugenblick.com\/index.php\/wp-json\/wp\/v2\/product_cat?post=8006"},{"taxonomy":"product_tag","embeddable":true,"href":"https:\/\/dev.einaugenblick.com\/index.php\/wp-json\/wp\/v2\/product_tag?post=8006"}],"curies":[{"name":"wp","href":"https:\/\/api.w.org\/{rel}","templated":true}]}}