{"id":8046,"date":"2025-01-14T09:51:16","date_gmt":"2025-01-14T08:51:16","guid":{"rendered":"https:\/\/dev.einaugenblick.com\/?post_type=product&#038;p=8046"},"modified":"2025-01-14T09:51:25","modified_gmt":"2025-01-14T08:51:25","slug":"maerz-2024","status":"publish","type":"product","link":"https:\/\/dev.einaugenblick.com\/index.php\/produkt\/maerz-2024\/","title":{"rendered":"M\u00e4rz 2024"},"content":{"rendered":"<p><strong>Hallo Fr\u00fchling!<\/strong><\/p>\n<p>\u201e<em>Ich strecke meine F\u00fchler nach Dir aus und begr\u00fc\u00dfe Dich! Sch\u00f6n, dass Du da bist und uns neue Hoffnung mitgebracht hast!<\/em>\u201c so begr\u00fc\u00dft das Weidenk\u00e4tzchen zuverl\u00e4ssig jedes Jahr den Beginn eines neuen Kreislaufes im Jahresrad.<\/p>\n<p>In der nordischen Mythologie ist die Weide \u201eIdun\u201c, der \u201eG\u00f6ttin der ewigen Jugend\u201c gewidmet, bei den Kelten stand sie f\u00fcr den ewigen Kreislauf der Erneuerung. Sie verbrannten zum Ende des Winters Puppen aus geflochtenem Weidenholz, um damit auch symbolisch die G\u00f6ttin des Todes (Morrigan) in die G\u00f6ttin des Lichts (Brigid) zu verwandeln.<\/p>\n<p>Wie keine andere Pflanze symbolisiert sie Biegsamkeit und Flexibilit\u00e4t. Die F\u00e4higkeit MIT dem Leben zu gehen, sich formsch\u00f6n darin auszudehnen und einzuf\u00fcgen. Viele Z\u00e4une, K\u00f6rbe, St\u00fchle, geflochtene Herzen und geschnitzte Sch\u00f6nheiten zeugen davon. Sie gilt auch als Schwellenbaum, die Verbindung zwischen Wasser und Land, ist eng mit den Energien des Mondes verbunden und in der Spiritualit\u00e4t bietet sie uns ihre oftmals hohlen St\u00e4mme gerne als Eingangstor in die \u201eAnderswelt\u201c an.<\/p>\n<p>Wenn sich die Weidenk\u00e4tzchen wieder zeigen, dann wissen wir, der Winter hat sich nun verabschiedet. Das Licht ist zur\u00fcck, die Welt begr\u00fc\u00dft Dich und Dein liebevoll ge\u00f6ffnetes Herz. Und sie wartet voller Vorfreude auch auf Dein fr\u00f6hliches \u201e<strong><em>Hallo<\/em> <em>Fr\u00fchling!<\/em>\u201c<\/strong> \ud83d\ude0a<\/p>\n<p>&nbsp;<\/p>\n","protected":false},"excerpt":{"rendered":"<p><strong>Hallo Fr\u00fchling!<\/strong><\/p>\n<p>\u201e<em>Ich strecke meine F\u00fchler nach Dir aus und begr\u00fc\u00dfe Dich! Sch\u00f6n, dass Du da bist und uns neue Hoffnung mitgebracht hast!<\/em>\u201c so begr\u00fc\u00dft das Weidenk\u00e4tzchen zuverl\u00e4ssig jedes Jahr den Beginn eines neuen Kreislaufes im Jahresrad.<\/p>\n","protected":false},"featured_media":8072,"comment_status":"closed","ping_status":"closed","template":"","meta":[],"product_brand":[],"product_cat":[63],"product_tag":[],"class_list":{"0":"post-8046","1":"product","2":"type-product","3":"status-publish","4":"has-post-thumbnail","6":"product_cat-motiv-des-monats","8":"first","9":"outofstock","10":"shipping-taxable","11":"product-type-variable"},"_links":{"self":[{"href":"https:\/\/dev.einaugenblick.com\/index.php\/wp-json\/wp\/v2\/product\/8046","targetHints":{"allow":["GET"]}}],"collection":[{"href":"https:\/\/dev.einaugenblick.com\/index.php\/wp-json\/wp\/v2\/product"}],"about":[{"href":"https:\/\/dev.einaugenblick.com\/index.php\/wp-json\/wp\/v2\/types\/product"}],"replies":[{"embeddable":true,"href":"https:\/\/dev.einaugenblick.com\/index.php\/wp-json\/wp\/v2\/comments?post=8046"}],"version-history":[{"count":1,"href":"https:\/\/dev.einaugenblick.com\/index.php\/wp-json\/wp\/v2\/product\/8046\/revisions"}],"predecessor-version":[{"id":8073,"href":"https:\/\/dev.einaugenblick.com\/index.php\/wp-json\/wp\/v2\/product\/8046\/revisions\/8073"}],"wp:featuredmedia":[{"embeddable":true,"href":"https:\/\/dev.einaugenblick.com\/index.php\/wp-json\/wp\/v2\/media\/8072"}],"wp:attachment":[{"href":"https:\/\/dev.einaugenblick.com\/index.php\/wp-json\/wp\/v2\/media?parent=8046"}],"wp:term":[{"taxonomy":"product_brand","embeddable":true,"href":"https:\/\/dev.einaugenblick.com\/index.php\/wp-json\/wp\/v2\/product_brand?post=8046"},{"taxonomy":"product_cat","embeddable":true,"href":"https:\/\/dev.einaugenblick.com\/index.php\/wp-json\/wp\/v2\/product_cat?post=8046"},{"taxonomy":"product_tag","embeddable":true,"href":"https:\/\/dev.einaugenblick.com\/index.php\/wp-json\/wp\/v2\/product_tag?post=8046"}],"curies":[{"name":"wp","href":"https:\/\/api.w.org\/{rel}","templated":true}]}}