{"id":8235,"date":"2025-01-14T09:52:10","date_gmt":"2025-01-14T08:52:10","guid":{"rendered":"https:\/\/dev.einaugenblick.com\/?post_type=product&#038;p=8235"},"modified":"2025-01-14T09:52:18","modified_gmt":"2025-01-14T08:52:18","slug":"fiducia","status":"publish","type":"product","link":"https:\/\/dev.einaugenblick.com\/index.php\/produkt\/fiducia\/","title":{"rendered":"Fiducia"},"content":{"rendered":"<p>Liebevoll gestalteter Schneemann, der Dir Deine Sorgen und \u00c4ngste abnimmt und zu Deiner Unterst\u00fctzung in die Transformation bringt. Ein kleiner energetischer Alltagsfreund, der gut als Schl\u00fcsselanh\u00e4nger oder \u00e4hnliches verwendet werden kann. Sowohl f\u00fcr Erwachsene als auch f\u00fcr Kinder geeignet.<br \/>\nJedes St\u00fcck wird in reiner Handarbeit liebevoll von mir geh\u00e4kelt, die Holzk\u00f6pfchen sind ebenfalls als Einzelst\u00fccke von einer \u00f6sterreichischen K\u00fcnstlerin handbemalt und so variiert jeder einzelne leicht in Optik und Gr\u00f6\u00dfe. Du bekommst also ein Unikat.<\/p>\n<p><strong>Ma\u00dfe:<\/strong><\/p>\n<ul>\n<li>H\u00f6he ca. 14cm<\/li>\n<li>Durchmesser Holzk\u00f6pfchen 3cm<\/li>\n<\/ul>\n<p>&nbsp;<\/p>\n<p>Mit dem liebevoll gestalteten Text auf dem beigef\u00fcgten Anh\u00e4nger eignet er sich auch ganz hervorragend als kleines Mitbringsel oder Geschenk.<\/p>\n<p><strong>\u201eHallo! Darf ich mich Dir vorstellen?<\/strong><br \/>\nMein Name ist Fiducia. Das ist italienisch und bedeutet \u201eZuversicht\u201c. Eine meiner wichtigsten Aufgaben ist es, Dir Deine Sorgen und \u00c4ngste zu nehmen.<br \/>\nDu darfst mich in Deine linke, also die von Deinem Herzen kommende Hand nehmen und all Deine Sorgen und \u00c4ngste an mich abgeben. Schlie\u00dfe dazu Deine Augen und vertraue darauf, dass alles, was Dich im Moment schwer macht, bei mir ankommt.<\/p>\n<p>Ich bin aus Schnee gemacht. Legst Du mich danach in die Sonne oder unter eine Lampe, dann sorge ich daf\u00fcr, dass alles, was Dich im Moment belastet, von der W\u00e4rme weggeschmolzen wird.<br \/>\nEin wohlmeinender Mensch hat mich bei Dir vorbeigebracht, um Dich in manchmal vielleicht nicht ganz so leichten Zeiten zu unterst\u00fctzen. Du und Deine Familie haben in mir ab heute einen neuen Freund gefunden.<\/p>\n<p><strong>Sch\u00f6n, dass Du mich bei Dir aufnimmst.\u201c<\/strong><\/p>\n","protected":false},"excerpt":{"rendered":"<p>Liebevoll gestalteter Schneemann, der Dir Deine Sorgen und \u00c4ngste abnimmt und zu Deiner Unterst\u00fctzung in die Transformation bringt. Ein kleiner energetischer Alltagsfreund, der gut als Schl\u00fcsselanh\u00e4nger oder \u00e4hnliches verwendet werden kann. Sowohl f\u00fcr Erwachsene als auch f\u00fcr Kinder geeignet.<\/p>\n","protected":false},"featured_media":8260,"comment_status":"open","ping_status":"closed","template":"","meta":[],"product_brand":[],"product_cat":[64],"product_tag":[],"class_list":{"0":"post-8235","1":"product","2":"type-product","3":"status-publish","4":"has-post-thumbnail","6":"product_cat-sonstiges","8":"first","9":"instock","10":"shipping-taxable","11":"purchasable","12":"product-type-simple"},"_links":{"self":[{"href":"https:\/\/dev.einaugenblick.com\/index.php\/wp-json\/wp\/v2\/product\/8235","targetHints":{"allow":["GET"]}}],"collection":[{"href":"https:\/\/dev.einaugenblick.com\/index.php\/wp-json\/wp\/v2\/product"}],"about":[{"href":"https:\/\/dev.einaugenblick.com\/index.php\/wp-json\/wp\/v2\/types\/product"}],"replies":[{"embeddable":true,"href":"https:\/\/dev.einaugenblick.com\/index.php\/wp-json\/wp\/v2\/comments?post=8235"}],"version-history":[{"count":1,"href":"https:\/\/dev.einaugenblick.com\/index.php\/wp-json\/wp\/v2\/product\/8235\/revisions"}],"predecessor-version":[{"id":8261,"href":"https:\/\/dev.einaugenblick.com\/index.php\/wp-json\/wp\/v2\/product\/8235\/revisions\/8261"}],"wp:featuredmedia":[{"embeddable":true,"href":"https:\/\/dev.einaugenblick.com\/index.php\/wp-json\/wp\/v2\/media\/8260"}],"wp:attachment":[{"href":"https:\/\/dev.einaugenblick.com\/index.php\/wp-json\/wp\/v2\/media?parent=8235"}],"wp:term":[{"taxonomy":"product_brand","embeddable":true,"href":"https:\/\/dev.einaugenblick.com\/index.php\/wp-json\/wp\/v2\/product_brand?post=8235"},{"taxonomy":"product_cat","embeddable":true,"href":"https:\/\/dev.einaugenblick.com\/index.php\/wp-json\/wp\/v2\/product_cat?post=8235"},{"taxonomy":"product_tag","embeddable":true,"href":"https:\/\/dev.einaugenblick.com\/index.php\/wp-json\/wp\/v2\/product_tag?post=8235"}],"curies":[{"name":"wp","href":"https:\/\/api.w.org\/{rel}","templated":true}]}}